 302 + -2 + a + -5?
6
Suppose -15*n = 19*n - 195721 - 295919. What is the ten thousands digit of n?
1
Suppose -195*p + 12 = -197*p. Let y(m) = m**3 + 12*m**2 + 19*m + 19. What is the hundreds digit of y(p)?
1
What is the tens digit of (208/13 - -13905) + 10?
3
Suppose -26*f - 33850 + 53801 + 399611 = 0. What is the ten thousands digit of f?
1
What is the hundreds digit of 10956 - (54/99 - 2/44)*0?
9
What is the thousands digit of 48/(-6) - ((-19155)/5 - 2)?
3
Let y(k) = 14*k + 3*k - 458 - 4*k + 93 - 5*k. What is the tens digit of y(50)?
3
Let z = -484 - -484. What is the units digit of (2308 + z)/((-10)/(-5))?
4
Suppose 0 = u + 3*p + 15 - 3, -4*u + 2*p = 104. Let c = 198 - u. Suppose 5*l - c = -z, l + 646 = 3*z - 4*l. What is the tens digit of z?
1
Let t = 35 - 40. Let k = 8 + t. Suppose -x = -k*f - 169, -3*x + 638 = 5*f + 201. What is the hundreds digit of x?
1
Let s(x) be the third derivative of x**6/60 + x**5/30 - x**4/24 + 13*x**2. Let d be s(-4). What is the tens digit of (14/(-28))/(2/d)?
2
Let r = 11782 - 11779. Suppose 0 = -3*b + b - 12. What is the tens digit of (-10 - b/r)*(-4 - 13)?
3
What is the tens digit of -11 - 84540/(-11 - 1)?
3
Suppose -r - 12 = -4*l, -2 = 2*r + 2*l + 2. Let p be (825/(-20) - 1)*1*r. Let s = p - 117. What is the units digit of s?
2
What is the tens digit of -3 + 13606 - 8 - -11?
0
Let n(o) = 4*o**3 + o**2 + 2*o - 2. Let t be n(1). Suppose -t*z = -375 - 775. What is the units digit of z?
0
Let p be (0 + -1)/((-1)/7). Suppose 6*f - 5434 = -p*f. What is the tens digit of f?
1
Suppose -83*c + 81*c + 6 = 0. Suppose i - c = -0*i + v, 5 = 5*i + 5*v. Suppose 4*m - 2*b - 164 = 2*b, i*m - 5*b = 79. What is the tens digit of m?
4
Let a = -23 + 23. Suppose p + a*p - 3 = 2*d, 0 = 5*p - 3*d + 20. What is the tens digit of (-367)/p - (-32)/56?
5
Let i(y) = 20*y**3 - 6*y**2 - 15*y - 18. What is the hundreds digit of i(7)?
4
Let m(z) = 9*z - 125. Let f be m(17). Suppose f*o + 609 = 2009. What is the units digit of o?
0
Let g be 477*(-8)/60 - 2/5. What is the tens digit of 28838/38 + g/(-608)?
5
Let b = -146 + -31. Suppose 6*d + 1887 = -11*d. Let t = d - b. What is the units digit of t?
6
Suppose 0 = -v - 7*v - 1216. Let y = v - -219. What is the units digit of y?
7
Let g(v) = -v**3 + 10*v**2 + v - 1. Let o be g(10). Suppose -41 = -2*a + o. What is the tens digit of a?
2
Let g(r) = -1234*r + 6139. What is the hundreds digit of g(-9)?
2
Let l be ((-12)/(-9))/((-5)/30). Let i(h) = -h**3 - 6*h**2 + h + 30. What is the units digit of i(l)?
0
Let f = 28 + -26. Let w(p) = 6*p**3 - p**2 + 4*p - 2. Let r be w(f). What is the units digit of (-6)/(5/r*-4)?
5
Let y = 40 + -30. Suppose -y*j + 18 = -4*j. Suppose -j*v + 81 = -213. What is the tens digit of v?
9
What is the hundreds digit of ((-6)/(-12))/((-2)/7734)*(0 + -2)?
8
Suppose 5*n = -20, -3*n + 17221 = 3*t - 728. What is the hundreds digit of t?
9
Let o(d) = -5*d - 46. Let f be o(-11). Suppose 0 = 12*r - f*r - 9. Suppose r*p - 67 - 161 = -3*y, 2*p - 153 = -y. What is the tens digit of p?
7
Let w(p) = -p**3 + 13*p**2 + 15*p + 8. Let i be w(14). Let v be 150/i + 32/176. Suppose -3*c + v*c = 352. What is the tens digit of c?
8
Suppose 0 = -68*q + 104 + 32. Suppose 0 = 5*b - 31 + 6, q*b - 2911 = -3*i. What is the tens digit of i?
6
Let q(c) be the third derivative of -7*c**6/120 + c**5/30 + 13*c**4/24 - 2*c**3/3 - 6*c**2 - 4. What is the tens digit of q(-5)?
5
Suppose -174*h + 159*h = -15030. Suppose -k = -7*z + 4*z + 1518, 2*z - h = 4*k. What is the hundreds digit of z?
5
Suppose -46 = -8*i - 14. Suppose -20 = i*r, 0*c - 2*r - 78 = c. What is the tens digit of (-3)/((-201)/c + -3)?
6
Let k(q) = -71*q + 69. Let p be k(8). Let z = p - -757. What is the units digit of z?
8
Let b(s) = -454*s - 538. What is the thousands digit of b(-18)?
7
Let n(b) = -3*b**2 - 20*b - 9. Let q be n(-6). Suppose -q*l - 484 = l. Let g = -75 - l. What is the tens digit of g?
4
Let s be 96/(-60) + 2*2/(-10). Let m(u) = 84*u**2 - 4*u - 5. What is the units digit of m(s)?
9
Let s = -54 + 54. Let i = s + 11. Suppose i + 40 = h. What is the tens digit of h?
5
Let h(z) = -z**3 + 21*z**2 - 38*z + 2. Let s be h(19). What is the tens digit of (90 + -88)/(s/195 - 0)?
9
Let w be (-31746)/(-18) - (-20)/15. Let a = w - 1198. What is the hundreds digit of a?
5
Let d = 60 + -56. Suppose 3*q = -d*q + 1834. Suppose q = -35*h + 37*h. What is the hundreds digit of h?
1
Let f(z) = 6*z**2 - 8*z + 8. Suppose 62*l = 59*l + 24. What is the tens digit of f(l)?
2
Let z = -1633 - -1123. What is the tens digit of -4 - (z - -3) - -3?
0
Suppose 127*f - 256 = 123*f. Let x = 76 - f. What is the units digit of ((-24)/36)/(11/x - 1)?
8
Let j = 13229 - -14841. What is the hundreds digit of j?
0
Suppose -30987 + 94531 = -148*r + 156*r. What is the units digit of r?
3
Suppose -3*g = -3*q - 15, -2*q - 19*g + 18*g - 22 = 0. Let f(o) = 1 + o**3 + 10 + 11*o**2 + 2*o + 3*o. What is the tens digit of f(q)?
2
Let z = 232 - -518. Suppose 134 = 2*f - z. What is the units digit of f?
2
Let p = 2432 + 25140. What is the units digit of p?
2
Let c(d) = 625*d**2 + 11*d + 6. Let w(k) = -626*k**2 - 14*k - 7. Let a(f) = 3*c(f) + 2*w(f). What is the tens digit of a(-1)?
2
Suppose 0 = -3*g + 1871 - 533. Suppose 2*b + 0*q = 2*q + g, -668 = -3*b + 4*q. Suppose 7*f - 560 - b = 0. What is the hundreds digit of f?
1
Let a(u) = 53*u**2 - 11*u + 62. What is the tens digit of a(-10)?
7
Let w = 58 - 83. Let j = w + 28. Suppose -2*x + 239 = 5*n, j*n + 116 - 615 = -4*x. What is the hundreds digit of x?
1
Suppose 447*v - 23546 = 446*v + 3*n, 0 = 2*v - 2*n - 47076. What is the tens digit of v?
3
Suppose 4*l - 72 = -348. What is the units digit of ((-449)/(-3))/((-23)/l)?
9
Let k(o) = -26*o - 16. Let n be k(-2). What is the tens digit of ((-1683)/n)/((-1)/4)?
8
Let s = 7048 - -1084. What is the units digit of s?
2
Suppose 121 + 263 = 64*y. Suppose 2794 = y*n - 2*n + 2*z, -3*n + 5*z + 2063 = 0. What is the units digit of n?
6
What is the thousands digit of (-30 + -11519)*(2 - 3)?
1
Suppose 5*f + 40 = -5*g, 3*f + f = -g - 35. Let s(c) = c**3 + 10*c**2 - 4*c + 16. Let q be s(f). What is the units digit of 1*q - 3/3?
2
Suppose -3*k + 2*f + 8 = -5, 3*k + f = 16. Suppose 0 = -k*d - 5, -2*s = -4*s - d + 71. Suppose -19*w + s = -15*w. What is the units digit of w?
9
Let m(s) be the second derivative of -23*s**3/6 + 6*s**2 + 5*s - 3. What is the tens digit of m(-2)?
5
Suppose -10*j - 14*j = 1152. Let k = 658 + j. What is the units digit of k?
0
Suppose -3*g - 6*y = -8*y - 3165, 3*y = -7*g + 7362. What is the hundreds digit of g?
0
Suppose 0 = -3*s + 2*s + 5*m + 26, 3*s - 14 = -m. Suppose 0 = s*r + 2*r + 16. What is the units digit of (-285)/r*(-16)/(-24)?
5
Let m = -29 + 31. Let f be (8/(-6) + m)*3. Suppose -156 = -x + f. What is the hundreds digit of x?
1
Let d be -19 + 15/6 + 9/(-6). Let l(g) = g**2 + 4*g + 4. What is the hundreds digit of l(d)?
2
Suppose 44*z - 33*z - 3982 = 0. Suppose -3*p - z = -2042. What is the tens digit of p?
6
Suppose -4*y + 9*y - 1332 = 2*r, -4*y = 2*r - 1080. Suppose 3*g + 4*u - y = 0, 0 = -3*g + 5*u + 316 - 3. What is the units digit of g?
6
Let n be (-118)/(-3) + (110/(-15))/(-11). Let x(a) = a**3 - 39*a**2 + 8*a - 133. What is the units digit of x(n)?
7
Suppose -155*m = -105*m - 1004950. What is the tens digit of m?
9
Suppose 5*v + 128 = 123, -2*v = -2*u + 123110. What is the tens digit of u?
5
Let v = 35499 - 33870. What is the tens digit of v?
2
Suppose 0 = 3*z + 2*z - 175. Let q be (31/(-5))/(((-7)/70)/(2/4)). Let n = z - q. What is the units digit of n?
4
Suppose -306*c - 17*c + 451877 = 0. What is the tens digit of c?
9
Suppose f + 5*w = 3445, -3439 = -f + 4*w - 6*w. What is the units digit of f?
5
What is the tens digit of (-4 - 0)*13280/(-64)?
3
Let g(x) = x - 1. Let j = -83 + 86. Let k be g(j). What is the tens digit of (-1 - -176) + k + 10 + -12?
7
Let o be (140/6 - (-112)/(-84)) + -1. Let r(g) = -g**2 + 41*g - 47. What is the tens digit of r(o)?
7
Suppose -33242 = -4*q + 9*s, 48554 = 5*q - 4*s + 6958. What is the thousands digit of q?
8
Let l(h) = h**2 + 9*h + 14. Let x be l(-7). Suppose 9*t - 16 = 5*t. Suppose -t*y + y + 54 = x. What is the units digit of y?
8
Let g(o) = -4*o**3 - 11*o**2 - 46*o + 175. What is the ten thousands digit of g(-1